3 = j + l. What is the units digit of j?
1
Suppose c + 2*c = -30. Let i(f) = -f**2 - 11*f - 10. Let n be i(c). Suppose 3*k - 31 = 2*t - 7*t, n = -3*k + 3*t + 39. What is the units digit of k?
2
Suppose 32 = 2*m - 62. Suppose 3*j = 10 + m. What is the tens digit of j?
1
Let m be ((-8)/(-10))/((-2)/(-10)). Suppose 5*v = 4*s + 3*v - 10, 5*s + 2*v - 17 = 0. Suppose 0 = 2*x - s*x + m. What is the units digit of x?
4
Suppose -h + 5*j + 6 = -0*j, 0 = 3*h - j - 46. What is the tens digit of h?
1
Suppose -3*t = -t. Suppose -s = -t*s. Suppose 85 = 5*h - s*h. What is the units digit of h?
7
Let n = 402 - 242. What is the hundreds digit of n?
1
Suppose f - 6*f + 10 = 0. Let g be (-1)/f*4*-14. Suppose -2*h = -0*h - g. What is the units digit of h?
4
Suppose -4*q + 3*r = 11, 23 = 3*q + 6*r - 2*r. What is the tens digit of (-50)/(-2)*q/1?
2
What is the units digit of -2 - -4 - -2 - -32?
6
Let o = 6 + -3. Suppose -155 = -o*y - 2*v, 4*v - 15 + 129 = 2*y. What is the tens digit of y?
5
What is the units digit of (-23)/(((-2)/(-3))/(-2))?
9
Suppose -3*m - 2*m + 15 = 0. Let b be (-8)/(-20) + 2/(-5). Let i = m - b. What is the units digit of i?
3
Suppose 3*w = -0*t - 2*t, 0 = -4*w + 3*t + 17. Let y be 1 - ((-4)/2 - w). Suppose -o = 3*q - 13 + 3, -o + 20 = y*q. What is the units digit of q?
5
Let z be (-72)/30 - 2/(-5). What is the units digit of 0 - (-4)/((-2)/z)?
4
Let l(n) = -2*n + 3. What is the units digit of l(-3)?
9
Let h = -6 - -14. Let w = h + 12. What is the units digit of (-32)/10*w/(-8)?
8
Suppose x + 4*j - 74 = 0, 2*j - 50 = -3*x + 172. Suppose x = 3*s - 25. What is the units digit of s?
3
Suppose 3*p + 28 = 4. Let z = p + 6. What is the units digit of (1/z)/(3/(-60))?
0
Let f = 40 + -36. Suppose 4*q + 4*j = 28, 3*q + 3*j + 3 = 4*q. Let z = q - f. What is the units digit of z?
2
Let z(f) be the first derivative of -1/2*f**2 + 4 + 1/4*f**4 + 11*f - 10/3*f**3. What is the units digit of z(10)?
1
Suppose 3*g = -w + 16, -g = -3*w - 2*g + 16. What is the units digit of (w - 1) + -3 + 8?
8
Suppose 4*v + 12 = a + a, 2*a = -4*v + 28. What is the units digit of a?
0
Suppose -4*o + 5*o - 5 = -5*d, -o = 5. Let l be d/(-3) - (-4)/6. Suppose l = 3*z - 2*w - 1, 0 + 8 = 4*z - w. What is the units digit of z?
3
Let g(j) = -j**3 - 11*j**2 - 11*j - 2. Let n = -7 - -11. Suppose n*s - 6*s + b = 16, -2*b = 8. What is the units digit of g(s)?
8
Let k be (9 + -8)*1*5. Suppose 2*t = 5*w + 38 - k, -w = t - 27. What is the units digit of t?
4
Suppose 0 = -2*v - 7*w + 3*w + 12, 12 = 4*v + 2*w. Suppose -2 = v*z - 16. Suppose s = -0 + z. What is the units digit of s?
7
Let p be 198/(-12) + 1/2. What is the units digit of p/(-4) - 0/1?
4
What is the units digit of (5*8/20)/(6/453)?
1
Let d(q) = -q**3 - 7*q**2 - 8*q - 2. Let m be d(-6). Let y(c) = -3*c**2 + 5 - c + 5*c + c**3 + 6*c - 8*c**2. What is the units digit of y(m)?
5
Suppose -48 = w - 2*w + f, 0 = -f + 1. What is the units digit of w?
9
Let y be (-14)/77 + 24/11. Let i be (-2)/7 - 128/(-7). Suppose -y*t + i = -0*t. What is the units digit of t?
9
Let w(x) = -x - 1. Let a be w(0). Let i(u) = 1 - 2 - 9*u - 4*u + 0. What is the tens digit of i(a)?
1
Suppose 3*g - 36 = -g. What is the units digit of g?
9
Let a(o) be the second derivative of o**5/20 - o**4/2 - o**3 - 3*o**2/2 - 2*o. Let p be a(7). What is the units digit of (-12)/(-9)*6/p?
2
What is the tens digit of 1*7*(2 + 3)?
3
Let o = -136 - -219. What is the units digit of o?
3
Let n be (-92)/(-6)*(2 + 1). Let c = n + -15. What is the units digit of c?
1
Suppose 3*l - 2*q - 8 = 0, 2*l = 7*l - 4*q - 16. Suppose l = -5*y + 176 - 51. What is the units digit of y?
5
Let l = -96 - -196. What is the tens digit of l?
0
Suppose -13 = 5*d - 33. Suppose -3*h - d*r + 47 = -0*h, 5*h - 109 = r. Let i = h - 3. What is the units digit of i?
8
Suppose -3*o + 11 = 2*r - 8, -4*o = -3*r - 14. Suppose 3*m - r*p + 4 = 4*m, p + 19 = 3*m. What is the units digit of m?
6
Let j = -77 + 110. What is the tens digit of j?
3
Let s = 2 + 0. Let z(c) = -c**2 - 6*c + 4. Let q be z(-6). Suppose 3*r - s = q. What is the units digit of r?
2
Let u(a) = -9*a**2 + a. Let d be u(-1). Let v(w) = -w**3 - 10*w**2 - 2*w + 7. Let r be v(d). Suppose 4*x = r + 1. What is the units digit of x?
7
Let p(j) = -8*j + 8. Let x(n) = 7*n - 8. Let a(b) = 5*p(b) + 6*x(b). Let k be a(9). Let h(d) = -d**2 + 11*d - 6. What is the units digit of h(k)?
4
Let k(i) = i**2 - 6*i - 21. What is the hundreds digit of k(-9)?
1
Let x(n) = -2*n - 3. Let p(j) = j + 2. Suppose -4*k + 13 = -8*k + 3*h, k + h + 5 = 0. Let s(a) = k*p(a) - 3*x(a). What is the units digit of s(3)?
7
Let q = -7 + 9. Suppose -2*d + j = 3*d - 44, d = q*j + 16. Suppose 0 = -d*y + 4*y + 72. What is the units digit of y?
8
Suppose 3*d - 25 = -10. Suppose 0*f + d*g = -2*f + 34, -f + g + 31 = 0. What is the units digit of f?
7
Let f be -1*76/6*60/(-40). Let n = -4 - -6. Suppose 0 = -n*j + f - 5. What is the units digit of j?
7
Let s = -9 + 12. Suppose 4*l - s*r = 31, 3*l = -2*l + 3*r + 41. What is the units digit of l?
0
Suppose 8*t = 3*t + 260. What is the units digit of t?
2
Suppose -2*t + 5*h - 3 = 0, -2*h + 3 - 2 = -t. What is the units digit of 11 + -2 + 1 - t?
9
Suppose 4*x + 50 = t, -2*t - 4*x + 50 + 14 = 0. Suppose -4*i + t = -10. Suppose 0*u + i = u. What is the units digit of u?
2
Suppose 0 = 2*b - 8. Let i be 1 + (3 - 6) + b. Suppose -3 = i*g - 3*g. What is the units digit of g?
3
Let y be -2 - (4 + 1 + 2). Let f = y - -18. What is the units digit of f?
9
Let d(h) = 5*h**2 - 6*h + 10. What is the tens digit of d(4)?
6
Let i(l) = -l**3 + 6*l**2 + 11*l - 6. Suppose -5*p - 4 = -2*v, 0*p - 27 = -3*v - 3*p. What is the units digit of i(v)?
2
Let b be (-1)/(-3 - 15/(-6)). Suppose 1 = i - b. What is the tens digit of i/(((-7)/4)/(-7))?
1
Suppose 3660 = -4*z + 16*z. What is the units digit of z?
5
Suppose s - 5*r + r = 10, 5*s = 2*r + 122. What is the units digit of s?
6
Let o = 14 - 23. Let m = -4 - o. What is the units digit of m?
5
Let d(q) = q**3 - 11*q**2 + 10*q - 3. Let u be d(10). Let j(n) = -n**3 - 3*n**2 - 3*n - 1. What is the units digit of j(u)?
8
Let l = 14 + -20. What is the tens digit of (-1)/l - (-535)/30?
1
Let p(v) be the first derivative of 5*v**3/6 + v**2/2 + 2*v + 2. Let a(n) be the first derivative of p(n). What is the units digit of a(1)?
6
Suppose 4*x = 44 + 28. Suppose 6 = 4*h - x. What is the tens digit of ((-3)/h)/(3/(-66))?
1
Let d(g) = g**2 - 6*g + 0*g**2 - 4 + g**2 + 10. What is the tens digit of d(4)?
1
Let d = 58 + -35. What is the units digit of d?
3
Suppose -3 = -w - 11. Let r = -2 - w. Let m = r - 2. What is the units digit of m?
4
Suppose -4*a + 277 - 65 = 0. What is the tens digit of a?
5
Suppose 2 = p - 0*p. Let c = p - 3. What is the units digit of c/(-3) + (-92)/(-12)?
8
Let t(a) = 0 - 2*a + 3*a**2 + 5*a - 4. What is the units digit of t(-3)?
4
Suppose -5 - 1 = 3*a. Let h be a/(-3*2/(-6)). What is the units digit of 8 + (h - -1) + 0?
7
Let x = 227 - -47. What is the units digit of x?
4
Let w(p) = -2*p**3 + 19*p**2 + 15*p - 11. What is the tens digit of w(10)?
3
Let b(q) = 3*q**3 - 5*q**2 + q + 3. What is the tens digit of b(4)?
1
Let t(x) = x - 9. Let v be t(9). Let f be -2*(-1 + v) + -2. Suppose -4*j - j + 55 = f. What is the tens digit of j?
1
Suppose 3*z = 8*z + 45. Let g = -6 - z. Suppose c - 27 = -4*j, -g*j - 4*c + 1 = -3. What is the units digit of j?
8
Suppose 2*p - 5 = 3. Suppose 9 = -3*c, -p*d + 0*c = -5*c - 27. Suppose a = 7 + d. What is the units digit of a?
0
What is the units digit of ((3 - 2) + -2)*-5?
5
Let s(p) be the third derivative of p**4/12 - p**3/6 + p**2. Let a be s(2). Suppose -a*x - 5 + 20 = 0. What is the units digit of x?
5
Suppose -62 = -5*u + 223. What is the units digit of u?
7
Let f(o) = 2*o**2 - 7*o - 2. Let v be f(5). Let n = v - 2. What is the tens digit of n?
1
Suppose -q + 290 = -0*v + 2*v, q + 4*v = 296. What is the units digit of (-6)/(-39) - q/(-13)?
2
Let r(z) = 13*z - 10*z - 1 - 9*z. What is the units digit of r(-4)?
3
Suppose -4*m = -2*u - u + 155, -4*u = -4*m - 204. What is the units digit of u?
9
Let c be 78 + 1 - 42/14. What is the tens digit of (c/(-3))/(22/(-33))?
3
Let v = -194 - -510. What is the tens digit of v?
1
Let w(v) = v**2 + 7. Let s = -6 - -6. Let n be w(s). Suppose b = 